{"id":543,"date":"2016-09-03T17:47:22","date_gmt":"2016-09-03T17:47:22","guid":{"rendered":"http:\/\/idiomasmazatlan.com\/portal\/?page_id=543"},"modified":"2024-02-04T02:38:32","modified_gmt":"2024-02-04T02:38:32","slug":"perfil-de-ingreso-y-de-egreso","status":"publish","type":"page","link":"https:\/\/idiomasmazatlan.com\/portal\/licenciatura-en-ensenanza\/perfil-de-ingreso-y-de-egreso\/","title":{"rendered":"Perfil de Ingreso y de Egreso"},"content":{"rendered":"<p style=\"text-align: justify;\"><strong>Perfil de Ingreso<\/strong><\/p>\n<p style=\"text-align: justify;\">En la b\u00fasqueda del perfil de ingreso deseable tomamos en cuenta las caracter\u00edsticas requeridas en los aspirantes que pretenden cursar el programa educativo y se conforma con las competencias requeridas para un desempe\u00f1o acad\u00e9mico adecuado, que permita su egreso oportuno y el desarrollo de competencias profesionales que propicien su inserci\u00f3n positiva en un campo laboral competitivo, demandante y comprometido con su entorno econ\u00f3mico, social, cultural y familiar,\u00a0 pero adem\u00e1s que lo motiven a aprender a conocer, aprender a hacer, aprender a vivir juntos, aprender a ser, que son los cuatro pilares fundamentales de la educaci\u00f3n (UNESCO).<\/p>\n<p style=\"text-align: justify;\"><strong>Perfil de Egreso<\/strong><\/p>\n<p style=\"text-align: justify;\">El egresado de la Licenciatura en Ense\u00f1anza del Idioma Ingl\u00e9s de la Universidad Aut\u00f3noma de Sinaloa (UAS) ser\u00e1 un profesional que integra competencias ling\u00fc\u00edsticas, pedag\u00f3gicas y tecnol\u00f3gicas de alto nivel, destacando por su \u00e9tica acad\u00e9mica, compromiso con la equidad y la inclusi\u00f3n, y una s\u00f3lida formaci\u00f3n en valores y competencias sello UAS. Estar\u00e1 preparado para innovar en la ense\u00f1anza del ingl\u00e9s, promover el aprendizaje significativo y responder a las necesidades educativas diversificadas, contribuyendo activamente al desarrollo social y cultural tanto nacional como internacionalmente.<\/p>\n<p style=\"text-align: center;\"><strong>Competencias espec\u00edficas de Licenciatura en Ense\u00f1anza del Idioma Ingl\u00e9s<\/strong><\/p>\n<p><strong>CE1.<\/strong> Se comunica en ingl\u00e9s de manera correcta a trav\u00e9s de los cuatro modos de comunicaci\u00f3n, para relacionarse con la sociedad y actuar como docente de manera efectiva y pertinente en el \u00e1mbito privado, p\u00fablico y social.<\/p>\n<p><strong>CE2.<\/strong> Conoce los procesos ling\u00fc\u00edsticos, psicoling\u00fc\u00edsticos y socioling\u00fc\u00edsticos, para promover el aprendizaje del ingl\u00e9s en estudiantes de diversas edades, perfiles y necesidades educativas de manera eficiente.<\/p>\n<p><strong>CE3.<\/strong> Comprende y utiliza paradigmas y teor\u00edas para fundamentar su pr\u00e1ctica docente, con \u00e9nfasis en las que promuevan el aprendizaje significativo, inclusivo y responsable.<\/p>\n<p><strong>CE4.<\/strong> Conoce y aplica los principios de la pedagog\u00eda del ingl\u00e9s para prop\u00f3sitos espec\u00edficos y acad\u00e9micos.<\/p>\n<p><strong>CE5.<\/strong> Diagnostica el perfil y necesidades educativas de sus alumnos y los usa para adecuar procesos de aprendizaje, con base en el c\u00f3digo y est\u00e1ndares internacionales que orientan la pr\u00e1ctica docente del idioma ingl\u00e9s.<\/p>\n<p><strong>CE6.<\/strong> Dise\u00f1a acciones pedag\u00f3gico-did\u00e1cticas para conducir el aprendizaje sistematizado con una visi\u00f3n integradora, con sentido cr\u00edtico y responsabilidad con las necesidades educativas de la sociedad actual integrando el uso de la tecnolog\u00eda.<\/p>\n<p><strong>CE7.<\/strong> Elabora programas de estudio para una diversidad de necesidades de aprendizaje del idioma ingl\u00e9s, considerando los conocimientos previos, contexto y necesidades educativas de los aprendices.<\/p>\n<p><strong>CE8.<\/strong> Planifica su actividad did\u00e1ctica de manera individual y colegiada, incorporando el uso variado de m\u00e9todos, estrategias y recursos tecnol\u00f3gicos, orientados a la integraci\u00f3n del saber, el saber hacer, el saber ser y convivir, y a que los estudiantes aprendan y se desarrollen con responsabilidad y efectividad en ambientes diversos.<\/p>\n<p><strong>CE9.<\/strong> Dise\u00f1a recursos y materiales para promover el dominio del idioma ingl\u00e9s considerando las caracter\u00edsticas de sus estudiantes y el contexto de aprendizaje.<\/p>\n<p><strong>CE10.<\/strong> Eval\u00faa individual y colegiadamente el proceso y resultados de sus planes de acci\u00f3n docente, para realimentar los procesos acad\u00e9micos con base en la reflexi\u00f3n sobre el quehacer docente y el modelo educativo que lo orienta.<\/p>\n<p><strong>CE11.<\/strong> Realiza investigaci\u00f3n educativa para comprender, intervenir, producir y difundir conocimiento sobre la ense\u00f1anza y el aprendizaje del idioma ingl\u00e9s, con base en procesos y \u00e9tica cient\u00edfica.<\/p>\n<p><strong>CE12.<\/strong> Aplica procedimientos, t\u00e9cnicas y herramientas en la traducci\u00f3n de oraciones, p\u00e1rrafos y peque\u00f1os textos apegados al prop\u00f3sito del texto, la fidelidad del mensaje y el lector o usuario de dicha traducci\u00f3n.<\/p>\n<p><strong>CE13.<\/strong> Emprende y comercializa sus habilidades docentes diversificando su pr\u00e1ctica docente.<\/p>\n<table style=\"height: 159px;\" width=\"832\">\n<tbody>\n<tr>\n<td style=\"text-align: center;\"><img decoding=\"async\" data-attachment-id=\"571\" data-permalink=\"https:\/\/idiomasmazatlan.com\/portal\/licenciatura-en-ensenanza\/f\/\" data-orig-file=\"https:\/\/i0.wp.com\/idiomasmazatlan.com\/portal\/wp-content\/uploads\/2015\/09\/f.png?fit=98%2C98&amp;ssl=1\" data-orig-size=\"98,98\" data-comments-opened=\"0\" data-image-meta=\"{&quot;aperture&quot;:&quot;0&quot;,&quot;credit&quot;:&quot;&quot;,&quot;camera&quot;:&quot;&quot;,&quot;caption&quot;:&quot;&quot;,&quot;created_timestamp&quot;:&quot;0&quot;,&quot;copyright&quot;:&quot;&quot;,&quot;focal_length&quot;:&quot;0&quot;,&quot;iso&quot;:&quot;0&quot;,&quot;shutter_speed&quot;:&quot;0&quot;,&quot;title&quot;:&quot;&quot;,&quot;orientation&quot;:&quot;0&quot;}\" data-image-title=\"f\" data-image-description=\"\" data-image-caption=\"\" data-medium-file=\"https:\/\/i0.wp.com\/idiomasmazatlan.com\/portal\/wp-content\/uploads\/2015\/09\/f.png?fit=98%2C98&amp;ssl=1\" data-large-file=\"https:\/\/i0.wp.com\/idiomasmazatlan.com\/portal\/wp-content\/uploads\/2015\/09\/f.png?fit=98%2C98&amp;ssl=1\" tabindex=\"0\" role=\"button\" class=\"alignnone wp-image-571\" src=\"https:\/\/i0.wp.com\/idiomasmazatlan.com\/portal\/wp-content\/uploads\/2015\/09\/f.png?resize=45%2C45&#038;ssl=1\" alt=\"\" width=\"45\" height=\"45\" data-recalc-dims=\"1\" \/><\/td>\n<td><span style=\"font-size: 10pt;\">\u00a0 <a href=\"https:\/\/www.facebook.com\/BA-in-ELT-CEI-M-UAS-105817696108315\/\" target=\"_blank\" rel=\"noopener\">B.A. in E.L.T. CEI-M<\/a>\u00a0 \u00a0<\/span><\/td>\n<td><img decoding=\"async\" data-attachment-id=\"575\" data-permalink=\"https:\/\/idiomasmazatlan.com\/portal\/licenciatura-en-ensenanza\/t\/\" data-orig-file=\"https:\/\/i0.wp.com\/idiomasmazatlan.com\/portal\/wp-content\/uploads\/2015\/09\/t.png?fit=105%2C106&amp;ssl=1\" data-orig-size=\"105,106\" data-comments-opened=\"0\" data-image-meta=\"{&quot;aperture&quot;:&quot;0&quot;,&quot;credit&quot;:&quot;&quot;,&quot;camera&quot;:&quot;&quot;,&quot;caption&quot;:&quot;&quot;,&quot;created_timestamp&quot;:&quot;0&quot;,&quot;copyright&quot;:&quot;&quot;,&quot;focal_length&quot;:&quot;0&quot;,&quot;iso&quot;:&quot;0&quot;,&quot;shutter_speed&quot;:&quot;0&quot;,&quot;title&quot;:&quot;&quot;,&quot;orientation&quot;:&quot;0&quot;}\" data-image-title=\"t\" data-image-description=\"\" data-image-caption=\"\" data-medium-file=\"https:\/\/i0.wp.com\/idiomasmazatlan.com\/portal\/wp-content\/uploads\/2015\/09\/t.png?fit=105%2C106&amp;ssl=1\" data-large-file=\"https:\/\/i0.wp.com\/idiomasmazatlan.com\/portal\/wp-content\/uploads\/2015\/09\/t.png?fit=105%2C106&amp;ssl=1\" tabindex=\"0\" role=\"button\" class=\"alignnone wp-image-575\" src=\"https:\/\/i0.wp.com\/idiomasmazatlan.com\/portal\/wp-content\/uploads\/2015\/09\/t.png?resize=50%2C50&#038;ssl=1\" alt=\"\" width=\"50\" height=\"50\" data-recalc-dims=\"1\" \/><\/td>\n<td><span style=\"font-size: 10pt;\">\u00a0<a href=\"https:\/\/twitter.com\/ba_in_elt\" target=\"_blank\" rel=\"noopener\">@BA_in_ELT<\/a>\u00a0 \u00a0<\/span><\/td>\n<td><img decoding=\"async\" data-attachment-id=\"574\" data-permalink=\"https:\/\/idiomasmazatlan.com\/portal\/licenciatura-en-ensenanza\/i\/\" data-orig-file=\"https:\/\/i0.wp.com\/idiomasmazatlan.com\/portal\/wp-content\/uploads\/2015\/09\/i.png?fit=111%2C110&amp;ssl=1\" data-orig-size=\"111,110\" data-comments-opened=\"0\" data-image-meta=\"{&quot;aperture&quot;:&quot;0&quot;,&quot;credit&quot;:&quot;&quot;,&quot;camera&quot;:&quot;&quot;,&quot;caption&quot;:&quot;&quot;,&quot;created_timestamp&quot;:&quot;0&quot;,&quot;copyright&quot;:&quot;&quot;,&quot;focal_length&quot;:&quot;0&quot;,&quot;iso&quot;:&quot;0&quot;,&quot;shutter_speed&quot;:&quot;0&quot;,&quot;title&quot;:&quot;&quot;,&quot;orientation&quot;:&quot;0&quot;}\" data-image-title=\"i\" data-image-description=\"\" data-image-caption=\"\" data-medium-file=\"https:\/\/i0.wp.com\/idiomasmazatlan.com\/portal\/wp-content\/uploads\/2015\/09\/i.png?fit=111%2C110&amp;ssl=1\" data-large-file=\"https:\/\/i0.wp.com\/idiomasmazatlan.com\/portal\/wp-content\/uploads\/2015\/09\/i.png?fit=111%2C110&amp;ssl=1\" tabindex=\"0\" role=\"button\" class=\"alignnone wp-image-574\" src=\"https:\/\/i0.wp.com\/idiomasmazatlan.com\/portal\/wp-content\/uploads\/2015\/09\/i.png?resize=50%2C50&#038;ssl=1\" alt=\"\" width=\"50\" height=\"50\" data-recalc-dims=\"1\" \/><\/td>\n<td>\u00a0<span style=\"font-size: 10pt;\"><a href=\"https:\/\/www.instagram.com\/baineltmzt\/\" target=\"_blank\" rel=\"noopener\">@BAINELTMZT<\/a>\u00a0 \u00a0<\/span><\/td>\n<td>\u00a0<img loading=\"lazy\" decoding=\"async\" data-attachment-id=\"576\" data-permalink=\"https:\/\/idiomasmazatlan.com\/portal\/licenciatura-en-ensenanza\/y\/\" data-orig-file=\"https:\/\/i0.wp.com\/idiomasmazatlan.com\/portal\/wp-content\/uploads\/2015\/09\/y.png?fit=120%2C86&amp;ssl=1\" data-orig-size=\"120,86\" data-comments-opened=\"0\" data-image-meta=\"{&quot;aperture&quot;:&quot;0&quot;,&quot;credit&quot;:&quot;&quot;,&quot;camera&quot;:&quot;&quot;,&quot;caption&quot;:&quot;&quot;,&quot;created_timestamp&quot;:&quot;0&quot;,&quot;copyright&quot;:&quot;&quot;,&quot;focal_length&quot;:&quot;0&quot;,&quot;iso&quot;:&quot;0&quot;,&quot;shutter_speed&quot;:&quot;0&quot;,&quot;title&quot;:&quot;&quot;,&quot;orientation&quot;:&quot;0&quot;}\" data-image-title=\"y\" data-image-description=\"\" data-image-caption=\"\" data-medium-file=\"https:\/\/i0.wp.com\/idiomasmazatlan.com\/portal\/wp-content\/uploads\/2015\/09\/y.png?fit=120%2C86&amp;ssl=1\" data-large-file=\"https:\/\/i0.wp.com\/idiomasmazatlan.com\/portal\/wp-content\/uploads\/2015\/09\/y.png?fit=120%2C86&amp;ssl=1\" tabindex=\"0\" role=\"button\" class=\"alignnone wp-image-576\" src=\"https:\/\/i0.wp.com\/idiomasmazatlan.com\/portal\/wp-content\/uploads\/2015\/09\/y.png?resize=50%2C36&#038;ssl=1\" alt=\"\" width=\"50\" height=\"36\" data-recalc-dims=\"1\" \/><\/td>\n<td><span style=\"font-size: 10pt;\">\u00a0\u00a0<a class=\"spf-link branded-page-header-title-link yt-uix-sessionlink\" dir=\"ltr\" title=\"BA in ELT MZT\" href=\"https:\/\/www.youtube.com\/channel\/UCiNp7wtjlgxxOrFPZ9RNDSg\" data-sessionlink=\"ei=3BHLV5HGCovP-AOrz4-YCg\">BA in ELT MZT<\/a>\u00a0 \u00a0<\/span><\/td>\n<td><span style=\"font-size: 10pt;\">\u00a0<img loading=\"lazy\" decoding=\"async\" data-attachment-id=\"579\" data-permalink=\"https:\/\/idiomasmazatlan.com\/portal\/licenciatura-en-ensenanza\/2015cambridge\/\" data-orig-file=\"https:\/\/i0.wp.com\/idiomasmazatlan.com\/portal\/wp-content\/uploads\/2015\/09\/2015cambridge.png?fit=1967%2C2284&amp;ssl=1\" data-orig-size=\"1967,2284\" data-comments-opened=\"0\" data-image-meta=\"{&quot;aperture&quot;:&quot;0&quot;,&quot;credit&quot;:&quot;&quot;,&quot;camera&quot;:&quot;&quot;,&quot;caption&quot;:&quot;&quot;,&quot;created_timestamp&quot;:&quot;0&quot;,&quot;copyright&quot;:&quot;&quot;,&quot;focal_length&quot;:&quot;0&quot;,&quot;iso&quot;:&quot;0&quot;,&quot;shutter_speed&quot;:&quot;0&quot;,&quot;title&quot;:&quot;&quot;,&quot;orientation&quot;:&quot;0&quot;}\" data-image-title=\"2015cambridge\" data-image-description=\"\" data-image-caption=\"\" data-medium-file=\"https:\/\/i0.wp.com\/idiomasmazatlan.com\/portal\/wp-content\/uploads\/2015\/09\/2015cambridge.png?fit=258%2C300&amp;ssl=1\" data-large-file=\"https:\/\/i0.wp.com\/idiomasmazatlan.com\/portal\/wp-content\/uploads\/2015\/09\/2015cambridge.png?fit=700%2C813&amp;ssl=1\" tabindex=\"0\" role=\"button\" class=\"wp-image-579 alignnone\" src=\"https:\/\/i0.wp.com\/idiomasmazatlan.com\/portal\/wp-content\/uploads\/2015\/09\/2015cambridge.png?resize=124%2C144&#038;ssl=1\" alt=\"2015cambridge\" width=\"124\" height=\"144\" srcset=\"https:\/\/i0.wp.com\/idiomasmazatlan.com\/portal\/wp-content\/uploads\/2015\/09\/2015cambridge.png?resize=882%2C1024&amp;ssl=1 882w, https:\/\/i0.wp.com\/idiomasmazatlan.com\/portal\/wp-content\/uploads\/2015\/09\/2015cambridge.png?resize=258%2C300&amp;ssl=1 258w, https:\/\/i0.wp.com\/idiomasmazatlan.com\/portal\/wp-content\/uploads\/2015\/09\/2015cambridge.png?resize=225%2C261&amp;ssl=1 225w, https:\/\/i0.wp.com\/idiomasmazatlan.com\/portal\/wp-content\/uploads\/2015\/09\/2015cambridge.png?resize=392%2C455&amp;ssl=1 392w, https:\/\/i0.wp.com\/idiomasmazatlan.com\/portal\/wp-content\/uploads\/2015\/09\/2015cambridge.png?resize=700%2C813&amp;ssl=1 700w, https:\/\/i0.wp.com\/idiomasmazatlan.com\/portal\/wp-content\/uploads\/2015\/09\/2015cambridge.png?w=1967&amp;ssl=1 1967w, https:\/\/i0.wp.com\/idiomasmazatlan.com\/portal\/wp-content\/uploads\/2015\/09\/2015cambridge.png?w=1400&amp;ssl=1 1400w\" sizes=\"(max-width: 124px) 100vw, 124px\" data-recalc-dims=\"1\" \/><\/span><\/td>\n<\/tr>\n<\/tbody>\n<\/table>\n","protected":false},"excerpt":{"rendered":"<p style=\"text-align: justify;\">Perfil de Ingreso<\/p>\n<p style=\"text-align: justify;\">En la b\u00fasqueda del perfil de ingreso deseable tomamos en cuenta las caracter\u00edsticas requeridas en los aspirantes que pretenden cursar el programa educativo y se conforma con las competencias &#8230;<\/p>\n","protected":false},"author":1,"featured_media":0,"parent":82,"menu_order":0,"comment_status":"closed","ping_status":"closed","template":"page-sinfoto.php","meta":{"jetpack_post_was_ever_published":false,"footnotes":""},"categories":[12],"class_list":["post-543","page","type-page","status-publish","hentry","category-paginas-licenciatura-ingles"],"jetpack_sharing_enabled":true,"jetpack_shortlink":"https:\/\/wp.me\/P720zc-8L","jetpack-related-posts":[],"_links":{"self":[{"href":"https:\/\/idiomasmazatlan.com\/portal\/wp-json\/wp\/v2\/pages\/543","targetHints":{"allow":["GET"]}}],"collection":[{"href":"https:\/\/idiomasmazatlan.com\/portal\/wp-json\/wp\/v2\/pages"}],"about":[{"href":"https:\/\/idiomasmazatlan.com\/portal\/wp-json\/wp\/v2\/types\/page"}],"author":[{"embeddable":true,"href":"https:\/\/idiomasmazatlan.com\/portal\/wp-json\/wp\/v2\/users\/1"}],"replies":[{"embeddable":true,"href":"https:\/\/idiomasmazatlan.com\/portal\/wp-json\/wp\/v2\/comments?post=543"}],"version-history":[{"count":10,"href":"https:\/\/idiomasmazatlan.com\/portal\/wp-json\/wp\/v2\/pages\/543\/revisions"}],"predecessor-version":[{"id":1806,"href":"https:\/\/idiomasmazatlan.com\/portal\/wp-json\/wp\/v2\/pages\/543\/revisions\/1806"}],"up":[{"embeddable":true,"href":"https:\/\/idiomasmazatlan.com\/portal\/wp-json\/wp\/v2\/pages\/82"}],"wp:attachment":[{"href":"https:\/\/idiomasmazatlan.com\/portal\/wp-json\/wp\/v2\/media?parent=543"}],"wp:term":[{"taxonomy":"category","embeddable":true,"href":"https:\/\/idiomasmazatlan.com\/portal\/wp-json\/wp\/v2\/categories?post=543"}],"curies":[{"name":"wp","href":"https:\/\/api.w.org\/{rel}","templated":true}]}}