{"id":68,"date":"2015-09-21T18:13:35","date_gmt":"2015-09-21T18:13:35","guid":{"rendered":"http:\/\/idiomasmazatlan.com\/portal\/?page_id=68"},"modified":"2020-02-10T04:38:31","modified_gmt":"2020-02-10T04:38:31","slug":"curso-regular","status":"publish","type":"page","link":"https:\/\/idiomasmazatlan.com\/portal\/curso-regular\/","title":{"rendered":"Curso Regular"},"content":{"rendered":"<h3 style=\"text-align: justify;\"><span style=\"color: #800080;\"><strong><em><span style=\"text-decoration: underline;\">CURSO REGULAR:<\/span><\/em><\/strong><strong><em>\u00a0 <\/em><\/strong>de una hora diaria de lunes a viernes, de Ingl\u00e9s, Franc\u00e9s, Italiano, Espa\u00f1ol, y Alem\u00e1n.<\/span><\/h3>\n<h3 style=\"text-align: justify;\"><span style=\"color: #800080;\">Horarios Ingl\u00e9s: De 7 de la ma\u00f1ana a 9 de la noche.<\/span><\/h3>\n<h3 style=\"text-align: justify;\"><span style=\"color: #800080;\">Horarios variables de Franc\u00e9s, Italiano Espa\u00f1ol y Alem\u00e1n.<\/span><\/h3>\n<h3 style=\"text-align: justify;\"><span style=\"color: #800080;\">Duraci\u00f3n del curso: 9 trimestres (tres a\u00f1os).<\/span><\/h3>\n","protected":false},"excerpt":{"rendered":"<p>CURSO REGULAR:\u00a0 de una hora diaria de lunes a viernes, de Ingl\u00e9s, Franc\u00e9s, Italiano, Espa\u00f1ol, y Alem\u00e1n.<br \/>\nHorarios Ingl\u00e9s: De 7 de la ma\u00f1ana a 9 de la noche.<br \/>\nHorarios variables de Franc\u00e9s, Italiano Espa\u00f1ol y Alem\u00e1n.<br \/>\nDuraci\u00f3n &#8230;<\/p>\n","protected":false},"author":1,"featured_media":67,"parent":0,"menu_order":0,"comment_status":"open","ping_status":"closed","template":"page-oferta-educativa-default.php","meta":{"jetpack_post_was_ever_published":false,"footnotes":""},"categories":[5],"class_list":["post-68","page","type-page","status-publish","has-post-thumbnail","hentry","category-paginas-oferta-educativa"],"jetpack_sharing_enabled":true,"jetpack_shortlink":"https:\/\/wp.me\/P720zc-16","jetpack-related-posts":[],"_links":{"self":[{"href":"https:\/\/idiomasmazatlan.com\/portal\/wp-json\/wp\/v2\/pages\/68","targetHints":{"allow":["GET"]}}],"collection":[{"href":"https:\/\/idiomasmazatlan.com\/portal\/wp-json\/wp\/v2\/pages"}],"about":[{"href":"https:\/\/idiomasmazatlan.com\/portal\/wp-json\/wp\/v2\/types\/page"}],"author":[{"embeddable":true,"href":"https:\/\/idiomasmazatlan.com\/portal\/wp-json\/wp\/v2\/users\/1"}],"replies":[{"embeddable":true,"href":"https:\/\/idiomasmazatlan.com\/portal\/wp-json\/wp\/v2\/comments?post=68"}],"version-history":[{"count":3,"href":"https:\/\/idiomasmazatlan.com\/portal\/wp-json\/wp\/v2\/pages\/68\/revisions"}],"predecessor-version":[{"id":1029,"href":"https:\/\/idiomasmazatlan.com\/portal\/wp-json\/wp\/v2\/pages\/68\/revisions\/1029"}],"wp:featuredmedia":[{"embeddable":true,"href":"https:\/\/idiomasmazatlan.com\/portal\/wp-json\/wp\/v2\/media\/67"}],"wp:attachment":[{"href":"https:\/\/idiomasmazatlan.com\/portal\/wp-json\/wp\/v2\/media?parent=68"}],"wp:term":[{"taxonomy":"category","embeddable":true,"href":"https:\/\/idiomasmazatlan.com\/portal\/wp-json\/wp\/v2\/categories?post=68"}],"curies":[{"name":"wp","href":"https:\/\/api.w.org\/{rel}","templated":true}]}}