{"id":82,"date":"2015-09-21T18:23:04","date_gmt":"2015-09-21T18:23:04","guid":{"rendered":"http:\/\/idiomasmazatlan.com\/portal\/?page_id=82"},"modified":"2024-02-04T02:44:59","modified_gmt":"2024-02-04T02:44:59","slug":"licenciatura-en-ensenanza","status":"publish","type":"page","link":"https:\/\/idiomasmazatlan.com\/portal\/licenciatura-en-ensenanza\/","title":{"rendered":"Licenciatura en Ense\u00f1anza del Idioma Ingl\u00e9s"},"content":{"rendered":"<p class=\"Cuerpo\" style=\"text-align: left;\"><span lang=\"ES-TRAD\">La Licenciatura en Ense\u00f1anza del Idioma Ingl\u00e9s (LEII) es una aventura que transformar\u00e1 tu futuro. Nuestro programa te prepara para ense\u00f1ar ingl\u00e9s innovadoramente, mezclando tecnolog\u00eda y pedagog\u00eda con un coraz\u00f3n humanista.<br \/>\n<\/span><span lang=\"ES-TRAD\">Est\u00e1 dise\u00f1ado para estudiantes que egresan de preparatoria y para docentes en activo sin formaci\u00f3n formal en la ense\u00f1anza de idiomas, nuestro programa es tu puente hacia nuevas culturas y oportunidades.<br \/>\nCon beneficios como movilidad internacional y becas para certificaciones de Cambridge, te preparamos para destacar en un mundo globalizado.<\/span><\/p>\n<p class=\"Cuerpo\" style=\"text-align: left;\"><span lang=\"ES-TRAD\">\u00danete a nosotros y abre puertas a un futuro brillante.\u00a0<\/span><\/p>\n<p style=\"text-align: justify;\"><strong>Sobre el Programa: <\/strong>Duraci\u00f3n 4 a\u00f1os (8 Semestres)<br \/>\n<strong>Clases: <\/strong>Lunes a Viernes &#8211; Turno Matutino de 7:00 a.m. a 12:00 p.m. \/ Nocturno de 4:00 p.m. a 9:00p.m.<\/p>\n<p style=\"text-align: justify;\"><strong>REQUISITOS<\/strong><\/p>\n<p style=\"text-align: justify;\">-CURP<br \/>\n-Certificado de preparatoria.<br \/>\n-Acta de Nacimiento.<\/p>\n<p>-Acreditar Examen UAS de ingreso<br \/>\n-Acreditar Nivel B1 (CEFR) via examen tipo certificaci\u00f3n<br \/>\n-Aplicaci\u00f3n de Instrumento para valorar Aptitudes y Habilidades.<br \/>\n[Entrevista en Ingl\u00e9s]<br \/>\n-*Asistencia al curso de inducci\u00f3n.<\/p>\n<p style=\"text-align: justify;\"><strong>Fechas de inscripci\u00f3n:<\/strong> El proceso de pre-inscripci\u00f3n inicia en el mes de Abril.<br \/>\nMayores informes en la p\u00e1gina oficial de admisi\u00f3n de la UAS. <a href=\"http:\/\/dse.uasnet.mx\/admision\/\">http:\/\/dse.uasnet.mx\/admision\/<\/a> o escr\u00edbenos a: controlescolarba@uas.edu.mx<\/p>\n<p style=\"text-align: justify;\"><strong><br \/>\nS\u00edguenos en:<\/strong><\/p>\n<table style=\"height: 159px;\" width=\"832\">\n<tbody>\n<tr>\n<td style=\"text-align: center;\"><img decoding=\"async\" data-attachment-id=\"571\" data-permalink=\"https:\/\/idiomasmazatlan.com\/portal\/licenciatura-en-ensenanza\/f\/\" data-orig-file=\"https:\/\/i0.wp.com\/idiomasmazatlan.com\/portal\/wp-content\/uploads\/2015\/09\/f.png?fit=98%2C98&amp;ssl=1\" data-orig-size=\"98,98\" data-comments-opened=\"0\" data-image-meta=\"{&quot;aperture&quot;:&quot;0&quot;,&quot;credit&quot;:&quot;&quot;,&quot;camera&quot;:&quot;&quot;,&quot;caption&quot;:&quot;&quot;,&quot;created_timestamp&quot;:&quot;0&quot;,&quot;copyright&quot;:&quot;&quot;,&quot;focal_length&quot;:&quot;0&quot;,&quot;iso&quot;:&quot;0&quot;,&quot;shutter_speed&quot;:&quot;0&quot;,&quot;title&quot;:&quot;&quot;,&quot;orientation&quot;:&quot;0&quot;}\" data-image-title=\"f\" data-image-description=\"\" data-image-caption=\"\" data-medium-file=\"https:\/\/i0.wp.com\/idiomasmazatlan.com\/portal\/wp-content\/uploads\/2015\/09\/f.png?fit=98%2C98&amp;ssl=1\" data-large-file=\"https:\/\/i0.wp.com\/idiomasmazatlan.com\/portal\/wp-content\/uploads\/2015\/09\/f.png?fit=98%2C98&amp;ssl=1\" tabindex=\"0\" role=\"button\" class=\"alignnone wp-image-571\" src=\"https:\/\/i0.wp.com\/idiomasmazatlan.com\/portal\/wp-content\/uploads\/2015\/09\/f.png?resize=45%2C45&#038;ssl=1\" alt=\"\" width=\"45\" height=\"45\" data-recalc-dims=\"1\" \/><\/td>\n<td><span style=\"font-size: 10pt;\">\u00a0 <a href=\"https:\/\/www.facebook.com\/leiiceim\" target=\"_blank\" rel=\"noopener noreferrer\">B.A. in E.L.T. CEI-M<\/a>\u00a0 \u00a0<\/span><\/td>\n<td><img decoding=\"async\" data-attachment-id=\"575\" data-permalink=\"https:\/\/idiomasmazatlan.com\/portal\/licenciatura-en-ensenanza\/t\/\" data-orig-file=\"https:\/\/i0.wp.com\/idiomasmazatlan.com\/portal\/wp-content\/uploads\/2015\/09\/t.png?fit=105%2C106&amp;ssl=1\" data-orig-size=\"105,106\" data-comments-opened=\"0\" data-image-meta=\"{&quot;aperture&quot;:&quot;0&quot;,&quot;credit&quot;:&quot;&quot;,&quot;camera&quot;:&quot;&quot;,&quot;caption&quot;:&quot;&quot;,&quot;created_timestamp&quot;:&quot;0&quot;,&quot;copyright&quot;:&quot;&quot;,&quot;focal_length&quot;:&quot;0&quot;,&quot;iso&quot;:&quot;0&quot;,&quot;shutter_speed&quot;:&quot;0&quot;,&quot;title&quot;:&quot;&quot;,&quot;orientation&quot;:&quot;0&quot;}\" data-image-title=\"t\" data-image-description=\"\" data-image-caption=\"\" data-medium-file=\"https:\/\/i0.wp.com\/idiomasmazatlan.com\/portal\/wp-content\/uploads\/2015\/09\/t.png?fit=105%2C106&amp;ssl=1\" data-large-file=\"https:\/\/i0.wp.com\/idiomasmazatlan.com\/portal\/wp-content\/uploads\/2015\/09\/t.png?fit=105%2C106&amp;ssl=1\" tabindex=\"0\" role=\"button\" class=\"alignnone wp-image-575\" src=\"https:\/\/i0.wp.com\/idiomasmazatlan.com\/portal\/wp-content\/uploads\/2015\/09\/t.png?resize=50%2C50&#038;ssl=1\" alt=\"\" width=\"50\" height=\"50\" data-recalc-dims=\"1\" \/><\/td>\n<td><span style=\"font-size: 10pt;\">\u00a0<a href=\"https:\/\/twitter.com\/ba_in_elt\" target=\"_blank\" rel=\"noopener noreferrer\">@BA_in_ELT<\/a>\u00a0 \u00a0<\/span><\/td>\n<td><img decoding=\"async\" data-attachment-id=\"574\" data-permalink=\"https:\/\/idiomasmazatlan.com\/portal\/licenciatura-en-ensenanza\/i\/\" data-orig-file=\"https:\/\/i0.wp.com\/idiomasmazatlan.com\/portal\/wp-content\/uploads\/2015\/09\/i.png?fit=111%2C110&amp;ssl=1\" data-orig-size=\"111,110\" data-comments-opened=\"0\" data-image-meta=\"{&quot;aperture&quot;:&quot;0&quot;,&quot;credit&quot;:&quot;&quot;,&quot;camera&quot;:&quot;&quot;,&quot;caption&quot;:&quot;&quot;,&quot;created_timestamp&quot;:&quot;0&quot;,&quot;copyright&quot;:&quot;&quot;,&quot;focal_length&quot;:&quot;0&quot;,&quot;iso&quot;:&quot;0&quot;,&quot;shutter_speed&quot;:&quot;0&quot;,&quot;title&quot;:&quot;&quot;,&quot;orientation&quot;:&quot;0&quot;}\" data-image-title=\"i\" data-image-description=\"\" data-image-caption=\"\" data-medium-file=\"https:\/\/i0.wp.com\/idiomasmazatlan.com\/portal\/wp-content\/uploads\/2015\/09\/i.png?fit=111%2C110&amp;ssl=1\" data-large-file=\"https:\/\/i0.wp.com\/idiomasmazatlan.com\/portal\/wp-content\/uploads\/2015\/09\/i.png?fit=111%2C110&amp;ssl=1\" tabindex=\"0\" role=\"button\" class=\"alignnone wp-image-574\" src=\"https:\/\/i0.wp.com\/idiomasmazatlan.com\/portal\/wp-content\/uploads\/2015\/09\/i.png?resize=50%2C50&#038;ssl=1\" alt=\"\" width=\"50\" height=\"50\" data-recalc-dims=\"1\" \/><\/td>\n<td>\u00a0<span style=\"font-size: 10pt;\"><a href=\"https:\/\/www.instagram.com\/baineltmzt\/\" target=\"_blank\" rel=\"noopener noreferrer\">@BAINELTMZT<\/a>\u00a0 \u00a0<\/span><\/td>\n<td>\u00a0<img loading=\"lazy\" decoding=\"async\" data-attachment-id=\"576\" data-permalink=\"https:\/\/idiomasmazatlan.com\/portal\/licenciatura-en-ensenanza\/y\/\" data-orig-file=\"https:\/\/i0.wp.com\/idiomasmazatlan.com\/portal\/wp-content\/uploads\/2015\/09\/y.png?fit=120%2C86&amp;ssl=1\" data-orig-size=\"120,86\" data-comments-opened=\"0\" data-image-meta=\"{&quot;aperture&quot;:&quot;0&quot;,&quot;credit&quot;:&quot;&quot;,&quot;camera&quot;:&quot;&quot;,&quot;caption&quot;:&quot;&quot;,&quot;created_timestamp&quot;:&quot;0&quot;,&quot;copyright&quot;:&quot;&quot;,&quot;focal_length&quot;:&quot;0&quot;,&quot;iso&quot;:&quot;0&quot;,&quot;shutter_speed&quot;:&quot;0&quot;,&quot;title&quot;:&quot;&quot;,&quot;orientation&quot;:&quot;0&quot;}\" data-image-title=\"y\" data-image-description=\"\" data-image-caption=\"\" data-medium-file=\"https:\/\/i0.wp.com\/idiomasmazatlan.com\/portal\/wp-content\/uploads\/2015\/09\/y.png?fit=120%2C86&amp;ssl=1\" data-large-file=\"https:\/\/i0.wp.com\/idiomasmazatlan.com\/portal\/wp-content\/uploads\/2015\/09\/y.png?fit=120%2C86&amp;ssl=1\" tabindex=\"0\" role=\"button\" class=\"alignnone wp-image-576\" src=\"https:\/\/i0.wp.com\/idiomasmazatlan.com\/portal\/wp-content\/uploads\/2015\/09\/y.png?resize=50%2C36&#038;ssl=1\" alt=\"\" width=\"50\" height=\"36\" data-recalc-dims=\"1\" \/><\/td>\n<td><span style=\"font-size: 10pt;\">\u00a0\u00a0<a class=\"spf-link branded-page-header-title-link yt-uix-sessionlink\" dir=\"ltr\" title=\"BA in ELT MZT\" href=\"https:\/\/www.youtube.com\/channel\/UCiNp7wtjlgxxOrFPZ9RNDSg\" data-sessionlink=\"ei=3BHLV5HGCovP-AOrz4-YCg\">BA in ELT MZT<\/a>\u00a0 \u00a0<\/span><\/td>\n<td><span style=\"font-size: 10pt;\">\u00a0<img loading=\"lazy\" decoding=\"async\" data-attachment-id=\"579\" data-permalink=\"https:\/\/idiomasmazatlan.com\/portal\/licenciatura-en-ensenanza\/2015cambridge\/\" data-orig-file=\"https:\/\/i0.wp.com\/idiomasmazatlan.com\/portal\/wp-content\/uploads\/2015\/09\/2015cambridge.png?fit=1967%2C2284&amp;ssl=1\" data-orig-size=\"1967,2284\" data-comments-opened=\"0\" data-image-meta=\"{&quot;aperture&quot;:&quot;0&quot;,&quot;credit&quot;:&quot;&quot;,&quot;camera&quot;:&quot;&quot;,&quot;caption&quot;:&quot;&quot;,&quot;created_timestamp&quot;:&quot;0&quot;,&quot;copyright&quot;:&quot;&quot;,&quot;focal_length&quot;:&quot;0&quot;,&quot;iso&quot;:&quot;0&quot;,&quot;shutter_speed&quot;:&quot;0&quot;,&quot;title&quot;:&quot;&quot;,&quot;orientation&quot;:&quot;0&quot;}\" data-image-title=\"2015cambridge\" data-image-description=\"\" data-image-caption=\"\" data-medium-file=\"https:\/\/i0.wp.com\/idiomasmazatlan.com\/portal\/wp-content\/uploads\/2015\/09\/2015cambridge.png?fit=258%2C300&amp;ssl=1\" data-large-file=\"https:\/\/i0.wp.com\/idiomasmazatlan.com\/portal\/wp-content\/uploads\/2015\/09\/2015cambridge.png?fit=700%2C813&amp;ssl=1\" tabindex=\"0\" role=\"button\" class=\"wp-image-579 alignnone\" src=\"https:\/\/i0.wp.com\/idiomasmazatlan.com\/portal\/wp-content\/uploads\/2015\/09\/2015cambridge.png?resize=124%2C144&#038;ssl=1\" alt=\"2015cambridge\" width=\"124\" height=\"144\" srcset=\"https:\/\/i0.wp.com\/idiomasmazatlan.com\/portal\/wp-content\/uploads\/2015\/09\/2015cambridge.png?resize=882%2C1024&amp;ssl=1 882w, https:\/\/i0.wp.com\/idiomasmazatlan.com\/portal\/wp-content\/uploads\/2015\/09\/2015cambridge.png?resize=258%2C300&amp;ssl=1 258w, https:\/\/i0.wp.com\/idiomasmazatlan.com\/portal\/wp-content\/uploads\/2015\/09\/2015cambridge.png?resize=225%2C261&amp;ssl=1 225w, https:\/\/i0.wp.com\/idiomasmazatlan.com\/portal\/wp-content\/uploads\/2015\/09\/2015cambridge.png?resize=392%2C455&amp;ssl=1 392w, https:\/\/i0.wp.com\/idiomasmazatlan.com\/portal\/wp-content\/uploads\/2015\/09\/2015cambridge.png?resize=700%2C813&amp;ssl=1 700w, https:\/\/i0.wp.com\/idiomasmazatlan.com\/portal\/wp-content\/uploads\/2015\/09\/2015cambridge.png?w=1967&amp;ssl=1 1967w, https:\/\/i0.wp.com\/idiomasmazatlan.com\/portal\/wp-content\/uploads\/2015\/09\/2015cambridge.png?w=1400&amp;ssl=1 1400w\" sizes=\"(max-width: 124px) 100vw, 124px\" data-recalc-dims=\"1\" \/><\/span><\/td>\n<\/tr>\n<\/tbody>\n<\/table>\n","protected":false},"excerpt":{"rendered":"<p class=\"Cuerpo\" style=\"text-align: left;\">La Licenciatura en Ense\u00f1anza del Idioma Ingl\u00e9s (LEII) es una aventura que transformar\u00e1 tu futuro. Nuestro programa te prepara para ense\u00f1ar ingl\u00e9s innovadoramente, mezclando tecnolog\u00eda y pedagog\u00eda con un coraz\u00f3n humanista.<br \/>\nEst\u00e1 dise\u00f1ado &#8230;<\/p>\n","protected":false},"author":1,"featured_media":1032,"parent":0,"menu_order":0,"comment_status":"open","ping_status":"closed","template":"page-oferta-educativa-default.php","meta":{"jetpack_post_was_ever_published":false,"footnotes":""},"categories":[12],"class_list":["post-82","page","type-page","status-publish","has-post-thumbnail","hentry","category-paginas-licenciatura-ingles"],"jetpack_sharing_enabled":true,"jetpack_shortlink":"https:\/\/wp.me\/P720zc-1k","jetpack-related-posts":[],"_links":{"self":[{"href":"https:\/\/idiomasmazatlan.com\/portal\/wp-json\/wp\/v2\/pages\/82","targetHints":{"allow":["GET"]}}],"collection":[{"href":"https:\/\/idiomasmazatlan.com\/portal\/wp-json\/wp\/v2\/pages"}],"about":[{"href":"https:\/\/idiomasmazatlan.com\/portal\/wp-json\/wp\/v2\/types\/page"}],"author":[{"embeddable":true,"href":"https:\/\/idiomasmazatlan.com\/portal\/wp-json\/wp\/v2\/users\/1"}],"replies":[{"embeddable":true,"href":"https:\/\/idiomasmazatlan.com\/portal\/wp-json\/wp\/v2\/comments?post=82"}],"version-history":[{"count":29,"href":"https:\/\/idiomasmazatlan.com\/portal\/wp-json\/wp\/v2\/pages\/82\/revisions"}],"predecessor-version":[{"id":1783,"href":"https:\/\/idiomasmazatlan.com\/portal\/wp-json\/wp\/v2\/pages\/82\/revisions\/1783"}],"wp:featuredmedia":[{"embeddable":true,"href":"https:\/\/idiomasmazatlan.com\/portal\/wp-json\/wp\/v2\/media\/1032"}],"wp:attachment":[{"href":"https:\/\/idiomasmazatlan.com\/portal\/wp-json\/wp\/v2\/media?parent=82"}],"wp:term":[{"taxonomy":"category","embeddable":true,"href":"https:\/\/idiomasmazatlan.com\/portal\/wp-json\/wp\/v2\/categories?post=82"}],"curies":[{"name":"wp","href":"https:\/\/api.w.org\/{rel}","templated":true}]}}