{"id":13310,"date":"2024-08-12T08:33:26","date_gmt":"2024-08-12T08:33:26","guid":{"rendered":"http:\/\/ninzio.com\/edukul\/?page_id=13310"},"modified":"2024-11-07T04:14:17","modified_gmt":"2024-11-07T04:14:17","slug":"events","status":"publish","type":"page","link":"https:\/\/idiomasmazatlan.com\/uas\/events\/","title":{"rendered":"Eventos CEIM"},"content":{"rendered":"<div class=\"wpb-content-wrapper\"><p>[vc_row][vc_column]<div class=\"edukul-divider divider-center divider-dashed\" style=\"border-top-color:#e0e0e0;\"><\/div><div class=\"clearfix\"><\/div>\r\n\t<div class=\"edukul-spacer clearfix\" data-desktop=\"90\" data-mobi=\"50\" data-smobi=\"50\"><\/div>\r\n<div class=\"edukul-events  has-bullets bullet- bullet50\" data-auto=\"false\" data-column=\"3\" data-column2=\"2\" data-column3=\"1\" data-gap=\"30\">\r\n\r\n\t\r\n\t<div class=\"owl-carousel owl-theme\">\r\n\t    \t\t\t<div class=\"event-box style-1\">\r\n\t\t\t\t<div class=\"thumb\"><img loading=\"lazy\" decoding=\"async\" width=\"740\" height=\"500\" src=\"https:\/\/idiomasmazatlan.com\/uas\/wp-content\/uploads\/2026\/03\/IGR-CALE-Movie-740x500.png\" class=\"attachment-edukul-rectangle size-edukul-rectangle wp-post-image\" alt=\"\" \/><\/div><h4 class=\"title\"><a href=\"https:\/\/idiomasmazatlan.com\/uas\/event\/festival-de-cine-ceim-2da-edicion\/\" title=\"Festival de Cine CEIM 2da Edici\u00f3n\">Festival de Cine CEIM 2da Edici\u00f3n<\/a><\/h4><div class=\"desc\">2da edici\u00f3n del Festival de Cine CEIM<\/div><div class=\"meta\"><span class=\"date\">26 MAR 2026<\/span><span class=\"time\">6 PM<\/span><\/div><div class=\"link\"><a href=\"https:\/\/idiomasmazatlan.com\/uas\/event\/festival-de-cine-ceim-2da-edicion\/\"><span>Learn More<\/span><\/a><\/div>\t\t\t<\/div><!-- \/.event-box -->\r\n\t\t\t\t\t<div class=\"event-box style-1\">\r\n\t\t\t\t<div class=\"thumb\"><img loading=\"lazy\" decoding=\"async\" width=\"740\" height=\"500\" src=\"https:\/\/idiomasmazatlan.com\/uas\/wp-content\/uploads\/2019\/10\/Festival-Fechas-740x500.jpg\" class=\"attachment-edukul-rectangle size-edukul-rectangle wp-post-image\" alt=\"\" \/><\/div><h4 class=\"title\"><a href=\"https:\/\/idiomasmazatlan.com\/uas\/event\/festivaldelectura\/\" title=\"Festival de Lectura CEIM\">Festival de Lectura CEIM<\/a><\/h4><div class=\"desc\">Para celebrar la Feria del Libro UAS (FELIUAS), estaremos acompa\u00f1ando con una semana de lectura, intercambio de libros, &quot;PICNIC&quot; Tales, escritura creativa para principiantes, y un concurso de cuento.\r\nTe invitamos a enviar tu cuento antes de que cierre la convocatoria.<\/div><div class=\"meta\"><span class=\"date\">25 MAR 2025<\/span><span class=\"time\">7:00 am - 7:00 pm<\/span><\/div><div class=\"link\"><a href=\"https:\/\/idiomasmazatlan.com\/uas\/event\/festivaldelectura\/\"><span>Learn More<\/span><\/a><\/div>\t\t\t<\/div><!-- \/.event-box -->\r\n\t\t\t\t\t<div class=\"event-box style-1\">\r\n\t\t\t\t<div class=\"thumb\"><img loading=\"lazy\" decoding=\"async\" width=\"740\" height=\"500\" src=\"https:\/\/idiomasmazatlan.com\/uas\/wp-content\/uploads\/2019\/10\/1-740x500.png\" class=\"attachment-edukul-rectangle size-edukul-rectangle wp-post-image\" alt=\"\" \/><\/div><h4 class=\"title\"><a href=\"https:\/\/idiomasmazatlan.com\/uas\/event\/vocabreto\/\" title=\"Reto de Vocabulario\">Reto de Vocabulario<\/a><\/h4><div class=\"desc\">Escoge de la unidad que estudias, o de unidades pasadas un set de vocabulario.\r\nVe los videos de ejemplo.\r\nHaz tu video y s\u00fabelo al drive.<\/div><div class=\"meta\"><span class=\"date\">14 de marzo<\/span><span class=\"time\">23:00<\/span><\/div><div class=\"link\"><a href=\"https:\/\/idiomasmazatlan.com\/uas\/event\/vocabreto\/\"><span>Learn More<\/span><\/a><\/div>\t\t\t<\/div><!-- \/.event-box -->\r\n\t\t\t\t\t<div class=\"event-box style-1\">\r\n\t\t\t\t<div class=\"thumb\"><img loading=\"lazy\" decoding=\"async\" width=\"740\" height=\"500\" src=\"https:\/\/idiomasmazatlan.com\/uas\/wp-content\/uploads\/2025\/02\/FESTIVAL-ANUAL-DE-CINE-CEIM-740x500.png\" class=\"attachment-edukul-rectangle size-edukul-rectangle wp-post-image\" alt=\"\" \/><\/div><h4 class=\"title\"><a href=\"https:\/\/idiomasmazatlan.com\/uas\/event\/festival-de-cine-ceim\/\" title=\"Festival de Cine CEIM\">Festival de Cine CEIM<\/a><\/h4><div class=\"desc\">El Centro de Autoaprendizaje de Lenguas Extranjeras (CALE) te invita a participar en el Festival Anual de Cine CEIM.\r\nPueden participar todos los alumnos del Centro de Estudio de Idiomas Mazatl\u00e1n, sea de los programas intersemanales, sabatinos o de licenciatura.<\/div><div class=\"meta\"><span class=\"date\">23 FEB 2025<\/span><span class=\"time\">11:59<\/span><\/div><div class=\"link\"><a href=\"https:\/\/idiomasmazatlan.com\/uas\/event\/festival-de-cine-ceim\/\"><span>Learn More<\/span><\/a><\/div>\t\t\t<\/div><!-- \/.event-box -->\r\n\t\t\t\t\t<div class=\"event-box style-1\">\r\n\t\t\t\t<div class=\"thumb\"><img loading=\"lazy\" decoding=\"async\" width=\"740\" height=\"500\" src=\"https:\/\/idiomasmazatlan.com\/uas\/wp-content\/uploads\/2025\/02\/Examen-de-ubicacion-100-740x500.jpg\" class=\"attachment-edukul-rectangle size-edukul-rectangle wp-post-image\" alt=\"\" \/><\/div><h4 class=\"title\"><a href=\"https:\/\/idiomasmazatlan.com\/uas\/event\/examen-de-ubicacion-3-24-25\/\" title=\"Examen de Ubicaci\u00f3n 3 [24-25]\">Examen de Ubicaci\u00f3n 3 [24-25]<\/a><\/h4><div class=\"desc\">Examen de ubicaci\u00f3n para el periodo 3 del ciclo escolar 24-25<\/div><div class=\"meta\"><span class=\"date\">febrero 2025<\/span><span class=\"time\">8:00am - 8:00 pm<\/span><\/div><div class=\"link\"><a href=\"https:\/\/idiomasmazatlan.com\/uas\/event\/examen-de-ubicacion-3-24-25\/\"><span>Learn More<\/span><\/a><\/div>\t\t\t<\/div><!-- \/.event-box -->\r\n\t\t\t\t\t<div class=\"event-box style-1\">\r\n\t\t\t\t<div class=\"thumb\"><img loading=\"lazy\" decoding=\"async\" width=\"740\" height=\"500\" src=\"https:\/\/idiomasmazatlan.com\/uas\/wp-content\/uploads\/2019\/10\/Podcast_Instagram-Ep2-740x500.png\" class=\"attachment-edukul-rectangle size-edukul-rectangle wp-post-image\" alt=\"\" \/><\/div><h4 class=\"title\"><a href=\"https:\/\/idiomasmazatlan.com\/uas\/event\/linguawavesep2\/\" title=\"Lingua Waves Episodio 2\">Lingua Waves Episodio 2<\/a><\/h4><div class=\"desc\">Episodio 2 &quot;Aristas Profesionales&quot;<\/div><div class=\"meta\"><span class=\"date\">13 NOV 2024<\/span><span class=\"time\">5:00 pm - 6:00 pm<\/span><\/div><div class=\"link\"><a href=\"https:\/\/idiomasmazatlan.com\/uas\/event\/linguawavesep2\/\"><span>Learn More<\/span><\/a><\/div>\t\t\t<\/div><!-- \/.event-box -->\r\n\t\t\t\t\t<div class=\"event-box style-1\">\r\n\t\t\t\t<div class=\"thumb\"><img loading=\"lazy\" decoding=\"async\" width=\"740\" height=\"500\" src=\"https:\/\/idiomasmazatlan.com\/uas\/wp-content\/uploads\/2024\/11\/aleman2425p2-740x500.jpg\" class=\"attachment-edukul-rectangle size-edukul-rectangle wp-post-image\" alt=\"\" \/><\/div><h4 class=\"title\"><a href=\"https:\/\/idiomasmazatlan.com\/uas\/event\/inscripciones2425p2\/\" title=\"Extensi\u00f3n de Inscripciones 24-25 2\">Extensi\u00f3n de Inscripciones 24-25 2<\/a><\/h4><div class=\"desc\">Inscripciones para el periodo 2 del ciclo escolar 2024-2025<\/div><div class=\"meta\"><span class=\"date\">11 Nov 2024<\/span><span class=\"time\">8:00am - 8:00 pm<\/span><\/div><div class=\"link\"><a href=\"https:\/\/idiomasmazatlan.com\/uas\/event\/inscripciones2425p2\/\"><span>Learn More<\/span><\/a><\/div>\t\t\t<\/div><!-- \/.event-box -->\r\n\t\t\t\t\t<div class=\"event-box style-1\">\r\n\t\t\t\t<div class=\"thumb\"><img loading=\"lazy\" decoding=\"async\" width=\"740\" height=\"500\" src=\"https:\/\/idiomasmazatlan.com\/uas\/wp-content\/uploads\/2019\/10\/linguawaves_podcast-740x500.png\" class=\"attachment-edukul-rectangle size-edukul-rectangle wp-post-image\" alt=\"\" \/><\/div><h4 class=\"title\"><a href=\"https:\/\/idiomasmazatlan.com\/uas\/event\/podcast\/\" title=\"Lingua Waves Podcast\">Lingua Waves Podcast<\/a><\/h4><div class=\"desc\">Iniciamos un nuevo proyecto de nombre &quot;Lingua Waves&quot;, el cual es un\u00a0podcast\u00a0educativo del Centro de Estudio de Idiomas Mazatl\u00e1n (CEIM) de la UAS.<\/div><div class=\"meta\"><span class=\"date\">30 OCT 2024<\/span><span class=\"time\">5:00 PM<\/span><\/div><div class=\"link\"><a href=\"https:\/\/idiomasmazatlan.com\/uas\/event\/podcast\/\"><span>Learn More<\/span><\/a><\/div>\t\t\t<\/div><!-- \/.event-box -->\r\n\t\t\t<\/div><!-- \/.owl-carousel -->\r\n\r\n\r\n<\/div><!-- \/.edukul-events -->\r\n\r\n[\/vc_column][\/vc_row]<\/p>\n<\/div>","protected":false},"excerpt":{"rendered":"<p>[vc_row][vc_column][\/vc_column][\/vc_row]<\/p>\n","protected":false},"author":1,"featured_media":0,"parent":0,"menu_order":0,"comment_status":"closed","ping_status":"closed","template":"","meta":{"_coblocks_attr":"","_coblocks_dimensions":"","_coblocks_responsive_height":"","_coblocks_accordion_ie_support":"","om_disable_all_campaigns":false,"_monsterinsights_skip_tracking":false,"_monsterinsights_sitenote_active":false,"_monsterinsights_sitenote_note":"","_monsterinsights_sitenote_category":0,"footnotes":""},"class_list":["post-13310","page","type-page","status-publish","hentry"],"aioseo_notices":[],"yoast_head":"<!-- This site is optimized with the Yoast SEO plugin v24.3 - https:\/\/yoast.com\/wordpress\/plugins\/seo\/ -->\n<title>Eventos CEIM - Centro de Estudio de Idiomas Mazatl\u00e1n - UAS<\/title>\n<meta name=\"description\" content=\"Los eventos del Centro de Estudio de Idiomas Mazatl\u00e1n de la Universidad Aut\u00f3noma de Sinaloa.\" \/>\n<meta name=\"robots\" content=\"index, follow, max-snippet:-1, max-image-preview:large, max-video-preview:-1\" \/>\n<link rel=\"canonical\" href=\"https:\/\/idiomasmazatlan.com\/uas\/events\/\" \/>\n<meta property=\"og:locale\" content=\"es_ES\" \/>\n<meta property=\"og:type\" content=\"article\" \/>\n<meta property=\"og:title\" content=\"Eventos CEIM - Centro de Estudio de Idiomas Mazatl\u00e1n - UAS\" \/>\n<meta property=\"og:description\" content=\"Los eventos del Centro de Estudio de Idiomas Mazatl\u00e1n de la Universidad Aut\u00f3noma de Sinaloa.\" \/>\n<meta property=\"og:url\" content=\"https:\/\/idiomasmazatlan.com\/uas\/events\/\" \/>\n<meta property=\"og:site_name\" content=\"Centro de Estudio de Idiomas Mazatl\u00e1n - UAS\" \/>\n<meta property=\"article:modified_time\" content=\"2024-11-07T04:14:17+00:00\" \/>\n<meta name=\"twitter:card\" content=\"summary_large_image\" \/>\n<meta name=\"twitter:label1\" content=\"Tiempo de lectura\" \/>\n\t<meta name=\"twitter:data1\" content=\"1 minuto\" \/>\n<script type=\"application\/ld+json\" class=\"yoast-schema-graph\">{\"@context\":\"https:\/\/schema.org\",\"@graph\":[{\"@type\":\"WebPage\",\"@id\":\"https:\/\/idiomasmazatlan.com\/uas\/events\/\",\"url\":\"https:\/\/idiomasmazatlan.com\/uas\/events\/\",\"name\":\"Eventos CEIM - Centro de Estudio de Idiomas Mazatl\u00e1n - UAS\",\"isPartOf\":{\"@id\":\"https:\/\/idiomasmazatlan.com\/uas\/#website\"},\"datePublished\":\"2024-08-12T08:33:26+00:00\",\"dateModified\":\"2024-11-07T04:14:17+00:00\",\"description\":\"Los eventos del Centro de Estudio de Idiomas Mazatl\u00e1n de la Universidad Aut\u00f3noma de Sinaloa.\",\"breadcrumb\":{\"@id\":\"https:\/\/idiomasmazatlan.com\/uas\/events\/#breadcrumb\"},\"inLanguage\":\"es\",\"potentialAction\":[{\"@type\":\"ReadAction\",\"target\":[\"https:\/\/idiomasmazatlan.com\/uas\/events\/\"]}]},{\"@type\":\"BreadcrumbList\",\"@id\":\"https:\/\/idiomasmazatlan.com\/uas\/events\/#breadcrumb\",\"itemListElement\":[{\"@type\":\"ListItem\",\"position\":1,\"name\":\"Home\",\"item\":\"https:\/\/idiomasmazatlan.com\/uas\/\"},{\"@type\":\"ListItem\",\"position\":2,\"name\":\"Eventos CEIM\"}]},{\"@type\":\"WebSite\",\"@id\":\"https:\/\/idiomasmazatlan.com\/uas\/#website\",\"url\":\"https:\/\/idiomasmazatlan.com\/uas\/\",\"name\":\"Centro de Estudio de Idiomas Mazatl\u00e1n - UAS\",\"description\":\"\",\"publisher\":{\"@id\":\"https:\/\/idiomasmazatlan.com\/uas\/#organization\"},\"potentialAction\":[{\"@type\":\"SearchAction\",\"target\":{\"@type\":\"EntryPoint\",\"urlTemplate\":\"https:\/\/idiomasmazatlan.com\/uas\/?s={search_term_string}\"},\"query-input\":{\"@type\":\"PropertyValueSpecification\",\"valueRequired\":true,\"valueName\":\"search_term_string\"}}],\"inLanguage\":\"es\"},{\"@type\":\"Organization\",\"@id\":\"https:\/\/idiomasmazatlan.com\/uas\/#organization\",\"name\":\"Centro de Estudio de Idiomas Mazatl\u00e1n - UAS\",\"url\":\"https:\/\/idiomasmazatlan.com\/uas\/\",\"logo\":{\"@type\":\"ImageObject\",\"inLanguage\":\"es\",\"@id\":\"https:\/\/idiomasmazatlan.com\/uas\/#\/schema\/logo\/image\/\",\"url\":\"\",\"contentUrl\":\"\",\"caption\":\"Centro de Estudio de Idiomas Mazatl\u00e1n - UAS\"},\"image\":{\"@id\":\"https:\/\/idiomasmazatlan.com\/uas\/#\/schema\/logo\/image\/\"}}]}<\/script>\n<!-- \/ Yoast SEO plugin. -->","yoast_head_json":{"title":"Eventos CEIM - Centro de Estudio de Idiomas Mazatl\u00e1n - UAS","description":"Los eventos del Centro de Estudio de Idiomas Mazatl\u00e1n de la Universidad Aut\u00f3noma de Sinaloa.","robots":{"index":"index","follow":"follow","max-snippet":"max-snippet:-1","max-image-preview":"max-image-preview:large","max-video-preview":"max-video-preview:-1"},"canonical":"https:\/\/idiomasmazatlan.com\/uas\/events\/","og_locale":"es_ES","og_type":"article","og_title":"Eventos CEIM - Centro de Estudio de Idiomas Mazatl\u00e1n - UAS","og_description":"Los eventos del Centro de Estudio de Idiomas Mazatl\u00e1n de la Universidad Aut\u00f3noma de Sinaloa.","og_url":"https:\/\/idiomasmazatlan.com\/uas\/events\/","og_site_name":"Centro de Estudio de Idiomas Mazatl\u00e1n - UAS","article_modified_time":"2024-11-07T04:14:17+00:00","twitter_card":"summary_large_image","twitter_misc":{"Tiempo de lectura":"1 minuto"},"schema":{"@context":"https:\/\/schema.org","@graph":[{"@type":"WebPage","@id":"https:\/\/idiomasmazatlan.com\/uas\/events\/","url":"https:\/\/idiomasmazatlan.com\/uas\/events\/","name":"Eventos CEIM - Centro de Estudio de Idiomas Mazatl\u00e1n - UAS","isPartOf":{"@id":"https:\/\/idiomasmazatlan.com\/uas\/#website"},"datePublished":"2024-08-12T08:33:26+00:00","dateModified":"2024-11-07T04:14:17+00:00","description":"Los eventos del Centro de Estudio de Idiomas Mazatl\u00e1n de la Universidad Aut\u00f3noma de Sinaloa.","breadcrumb":{"@id":"https:\/\/idiomasmazatlan.com\/uas\/events\/#breadcrumb"},"inLanguage":"es","potentialAction":[{"@type":"ReadAction","target":["https:\/\/idiomasmazatlan.com\/uas\/events\/"]}]},{"@type":"BreadcrumbList","@id":"https:\/\/idiomasmazatlan.com\/uas\/events\/#breadcrumb","itemListElement":[{"@type":"ListItem","position":1,"name":"Home","item":"https:\/\/idiomasmazatlan.com\/uas\/"},{"@type":"ListItem","position":2,"name":"Eventos CEIM"}]},{"@type":"WebSite","@id":"https:\/\/idiomasmazatlan.com\/uas\/#website","url":"https:\/\/idiomasmazatlan.com\/uas\/","name":"Centro de Estudio de Idiomas Mazatl\u00e1n - UAS","description":"","publisher":{"@id":"https:\/\/idiomasmazatlan.com\/uas\/#organization"},"potentialAction":[{"@type":"SearchAction","target":{"@type":"EntryPoint","urlTemplate":"https:\/\/idiomasmazatlan.com\/uas\/?s={search_term_string}"},"query-input":{"@type":"PropertyValueSpecification","valueRequired":true,"valueName":"search_term_string"}}],"inLanguage":"es"},{"@type":"Organization","@id":"https:\/\/idiomasmazatlan.com\/uas\/#organization","name":"Centro de Estudio de Idiomas Mazatl\u00e1n - UAS","url":"https:\/\/idiomasmazatlan.com\/uas\/","logo":{"@type":"ImageObject","inLanguage":"es","@id":"https:\/\/idiomasmazatlan.com\/uas\/#\/schema\/logo\/image\/","url":"","contentUrl":"","caption":"Centro de Estudio de Idiomas Mazatl\u00e1n - UAS"},"image":{"@id":"https:\/\/idiomasmazatlan.com\/uas\/#\/schema\/logo\/image\/"}}]}},"_links":{"self":[{"href":"https:\/\/idiomasmazatlan.com\/uas\/wp-json\/wp\/v2\/pages\/13310","targetHints":{"allow":["GET"]}}],"collection":[{"href":"https:\/\/idiomasmazatlan.com\/uas\/wp-json\/wp\/v2\/pages"}],"about":[{"href":"https:\/\/idiomasmazatlan.com\/uas\/wp-json\/wp\/v2\/types\/page"}],"author":[{"embeddable":true,"href":"https:\/\/idiomasmazatlan.com\/uas\/wp-json\/wp\/v2\/users\/1"}],"replies":[{"embeddable":true,"href":"https:\/\/idiomasmazatlan.com\/uas\/wp-json\/wp\/v2\/comments?post=13310"}],"version-history":[{"count":6,"href":"https:\/\/idiomasmazatlan.com\/uas\/wp-json\/wp\/v2\/pages\/13310\/revisions"}],"predecessor-version":[{"id":19772,"href":"https:\/\/idiomasmazatlan.com\/uas\/wp-json\/wp\/v2\/pages\/13310\/revisions\/19772"}],"wp:attachment":[{"href":"https:\/\/idiomasmazatlan.com\/uas\/wp-json\/wp\/v2\/media?parent=13310"}],"curies":[{"name":"wp","href":"https:\/\/api.w.org\/{rel}","templated":true}]}}